{"id":202,"date":"2019-03-24T08:35:23","date_gmt":"2019-03-24T08:35:23","guid":{"rendered":"http:\/\/fundacja.komancza.org.pl\/?page_id=202"},"modified":"2019-04-17T16:36:57","modified_gmt":"2019-04-17T16:36:57","slug":"wspieraja-nas","status":"publish","type":"page","link":"https:\/\/fundacja.komancza.org.pl\/?page_id=202","title":{"rendered":"Wspieraj\u0105 nas."},"content":{"rendered":"\n<p>W okresie rejestracji Fundacji w KRS korzystamy z konta Stowarzyszenia 50+ w Koma\u0144czy. Wp\u0142aty na Piknik na Tory prosimy kierowa\u0107 na konto: <\/p>\n\n\n\n<p>09 8642 1184 2018 0045 0762 0003<\/p>\n\n\n\n<p>z dopiskiem: <strong>Piknik na Tory<\/strong><\/p>\n\n\n\n<p>Poni\u017cej zamieszczamy list\u0119 darczy\u0144c\u00f3w z odno\u015bnikiem do strony.  Lista b\u0119dzie si\u0119 wyd\u0142u\u017ca\u0107&#8230; <\/p>\n\n\n\n<div class=\"wp-block-columns has-2-columns is-layout-flex wp-container-core-columns-is-layout-9d6595d7 wp-block-columns-is-layout-flex\">\n<div class=\"wp-block-column is-layout-flow wp-block-column-is-layout-flow\">\n<div class=\"wp-block-image\"><figure class=\"aligncenter is-resized\"><a href=\"http:\/\/www.komancza.krosno.lasy.gov.pl\" target=\"_blank\" rel=\"noreferrer noopener\"><img data-recalc-dims=\"1\" loading=\"lazy\" decoding=\"async\" data-attachment-id=\"149\" data-permalink=\"https:\/\/fundacja.komancza.org.pl\/?attachment_id=149\" data-orig-file=\"https:\/\/i0.wp.com\/fundacja.komancza.org.pl\/wp-content\/uploads\/2019\/03\/nadle%C5%9Bnictwo.png?fit=80%2C80&amp;ssl=1\" data-orig-size=\"80,80\" data-comments-opened=\"1\" data-image-meta=\"{&quot;aperture&quot;:&quot;0&quot;,&quot;credit&quot;:&quot;&quot;,&quot;camera&quot;:&quot;&quot;,&quot;caption&quot;:&quot;&quot;,&quot;created_timestamp&quot;:&quot;0&quot;,&quot;copyright&quot;:&quot;&quot;,&quot;focal_length&quot;:&quot;0&quot;,&quot;iso&quot;:&quot;0&quot;,&quot;shutter_speed&quot;:&quot;0&quot;,&quot;title&quot;:&quot;&quot;,&quot;orientation&quot;:&quot;0&quot;}\" data-image-title=\"nadle\u015bnictwo\" data-image-description=\"\" data-image-caption=\"\" data-large-file=\"https:\/\/i0.wp.com\/fundacja.komancza.org.pl\/wp-content\/uploads\/2019\/03\/nadle%C5%9Bnictwo.png?fit=80%2C80&amp;ssl=1\" src=\"https:\/\/i0.wp.com\/fundacja.komancza.org.pl\/wp-content\/uploads\/2019\/03\/nadle%C5%9Bnictwo.png?resize=111%2C111&#038;ssl=1\" alt=\"\" class=\"wp-image-149\" width=\"111\" height=\"111\"\/><\/a><\/figure><\/div>\n<\/div>\n\n\n\n<div class=\"wp-block-column is-layout-flow wp-block-column-is-layout-flow\">\n<br><\/br>\n<p>Nadle\u015bnictwo Koma\u0144cza<\/p>\n<\/div>\n<\/div>\n\n\n\n<div class=\"wp-block-columns has-2-columns is-layout-flex wp-container-core-columns-is-layout-9d6595d7 wp-block-columns-is-layout-flex\">\n<div class=\"wp-block-column is-layout-flow wp-block-column-is-layout-flow\">\n<div class=\"wp-block-image\"><figure class=\"aligncenter is-resized\"><a href=\"http:\/\/www.chatanadwislokiem.pl\" target=\"_blank\" rel=\"noreferrer noopener\"><img loading=\"lazy\" decoding=\"async\" data-attachment-id=\"209\" data-permalink=\"https:\/\/fundacja.komancza.org.pl\/?attachment_id=209\" data-orig-file=\"https:\/\/i0.wp.com\/fundacja.komancza.org.pl\/wp-content\/uploads\/2019\/03\/chata_logo_black_PNG-1.png?fit=1596%2C1587&amp;ssl=1\" data-orig-size=\"1596,1587\" data-comments-opened=\"1\" data-image-meta=\"{&quot;aperture&quot;:&quot;0&quot;,&quot;credit&quot;:&quot;&quot;,&quot;camera&quot;:&quot;&quot;,&quot;caption&quot;:&quot;&quot;,&quot;created_timestamp&quot;:&quot;0&quot;,&quot;copyright&quot;:&quot;&quot;,&quot;focal_length&quot;:&quot;0&quot;,&quot;iso&quot;:&quot;0&quot;,&quot;shutter_speed&quot;:&quot;0&quot;,&quot;title&quot;:&quot;&quot;,&quot;orientation&quot;:&quot;0&quot;}\" data-image-title=\"chata_logo_black_PNG (1)\" data-image-description=\"\" data-image-caption=\"\" data-large-file=\"https:\/\/i0.wp.com\/fundacja.komancza.org.pl\/wp-content\/uploads\/2019\/03\/chata_logo_black_PNG-1.png?fit=525%2C522&amp;ssl=1\" src=\"https:\/\/i2.wp.com\/fundacja.komancza.org.pl\/wp-content\/uploads\/2019\/03\/chata_logo_black_PNG-1.png?fit=525%2C522\" alt=\"\" class=\"wp-image-209\" width=\"117\" height=\"116\" srcset=\"https:\/\/i0.wp.com\/fundacja.komancza.org.pl\/wp-content\/uploads\/2019\/03\/chata_logo_black_PNG-1.png?w=1596&amp;ssl=1 1596w, https:\/\/i0.wp.com\/fundacja.komancza.org.pl\/wp-content\/uploads\/2019\/03\/chata_logo_black_PNG-1.png?resize=150%2C150&amp;ssl=1 150w, https:\/\/i0.wp.com\/fundacja.komancza.org.pl\/wp-content\/uploads\/2019\/03\/chata_logo_black_PNG-1.png?resize=300%2C298&amp;ssl=1 300w, https:\/\/i0.wp.com\/fundacja.komancza.org.pl\/wp-content\/uploads\/2019\/03\/chata_logo_black_PNG-1.png?resize=768%2C764&amp;ssl=1 768w, https:\/\/i0.wp.com\/fundacja.komancza.org.pl\/wp-content\/uploads\/2019\/03\/chata_logo_black_PNG-1.png?resize=1024%2C1018&amp;ssl=1 1024w, https:\/\/i0.wp.com\/fundacja.komancza.org.pl\/wp-content\/uploads\/2019\/03\/chata_logo_black_PNG-1.png?resize=100%2C100&amp;ssl=1 100w\" sizes=\"auto, (max-width: 117px) 100vw, 117px\" \/><\/a><\/figure><\/div>\n<\/div>\n\n\n\n<div class=\"wp-block-column is-layout-flow wp-block-column-is-layout-flow\">\n<br><\/br>\n<p>Chata Nad Wis\u0142okiem<\/p>\n<\/div>\n<\/div>\n\n\n\n<div class=\"wp-block-columns has-2-columns is-layout-flex wp-container-core-columns-is-layout-9d6595d7 wp-block-columns-is-layout-flex\">\n<div class=\"wp-block-column is-layout-flow wp-block-column-is-layout-flow\">\n<div class=\"wp-block-image\"><figure class=\"aligncenter is-resized\"><a href=\"http:\/\/www.podkominkiem.com\" target=\"_blank\" rel=\"noreferrer noopener\"><img loading=\"lazy\" decoding=\"async\" data-attachment-id=\"222\" data-permalink=\"https:\/\/fundacja.komancza.org.pl\/?attachment_id=222\" data-orig-file=\"https:\/\/i0.wp.com\/fundacja.komancza.org.pl\/wp-content\/uploads\/2019\/03\/po_kominkiem.png?fit=3885%2C1918&amp;ssl=1\" data-orig-size=\"3885,1918\" data-comments-opened=\"1\" data-image-meta=\"{&quot;aperture&quot;:&quot;0&quot;,&quot;credit&quot;:&quot;&quot;,&quot;camera&quot;:&quot;&quot;,&quot;caption&quot;:&quot;&quot;,&quot;created_timestamp&quot;:&quot;0&quot;,&quot;copyright&quot;:&quot;&quot;,&quot;focal_length&quot;:&quot;0&quot;,&quot;iso&quot;:&quot;0&quot;,&quot;shutter_speed&quot;:&quot;0&quot;,&quot;title&quot;:&quot;&quot;,&quot;orientation&quot;:&quot;0&quot;}\" data-image-title=\"po_kominkiem\" data-image-description=\"\" data-image-caption=\"\" data-large-file=\"https:\/\/i0.wp.com\/fundacja.komancza.org.pl\/wp-content\/uploads\/2019\/03\/po_kominkiem.png?fit=525%2C259&amp;ssl=1\" src=\"https:\/\/i0.wp.com\/fundacja.komancza.org.pl\/wp-content\/uploads\/2019\/03\/po_kominkiem.png?fit=525%2C259\" alt=\"\" class=\"wp-image-222\" width=\"219\" height=\"108\" srcset=\"https:\/\/i0.wp.com\/fundacja.komancza.org.pl\/wp-content\/uploads\/2019\/03\/po_kominkiem.png?w=3885&amp;ssl=1 3885w, https:\/\/i0.wp.com\/fundacja.komancza.org.pl\/wp-content\/uploads\/2019\/03\/po_kominkiem.png?resize=300%2C148&amp;ssl=1 300w, https:\/\/i0.wp.com\/fundacja.komancza.org.pl\/wp-content\/uploads\/2019\/03\/po_kominkiem.png?resize=768%2C379&amp;ssl=1 768w, https:\/\/i0.wp.com\/fundacja.komancza.org.pl\/wp-content\/uploads\/2019\/03\/po_kominkiem.png?resize=1024%2C506&amp;ssl=1 1024w, https:\/\/i0.wp.com\/fundacja.komancza.org.pl\/wp-content\/uploads\/2019\/03\/po_kominkiem.png?w=1575&amp;ssl=1 1575w\" sizes=\"auto, (max-width: 219px) 100vw, 219px\" \/><\/a><\/figure><\/div>\n<\/div>\n\n\n\n<div class=\"wp-block-column is-layout-flow wp-block-column-is-layout-flow\">\n<br><\/br>\n<p>Pod Kominkiem<\/p>\n<\/div>\n<\/div>\n\n\n\n<div class=\"wp-block-columns has-2-columns is-layout-flex wp-container-core-columns-is-layout-9d6595d7 wp-block-columns-is-layout-flex\">\n<div class=\"wp-block-column is-layout-flow wp-block-column-is-layout-flow\">\n<div class=\"wp-block-image\"><figure class=\"aligncenter is-resized\"><a href=\"https:\/\/bieszczady-smolnikoweklimaty.pl\/\" target=\"_blank\" rel=\"noreferrer noopener\"><img data-recalc-dims=\"1\" loading=\"lazy\" decoding=\"async\" data-attachment-id=\"224\" data-permalink=\"https:\/\/fundacja.komancza.org.pl\/?attachment_id=224\" data-orig-file=\"https:\/\/i0.wp.com\/fundacja.komancza.org.pl\/wp-content\/uploads\/2019\/03\/smolnikowe-klimaty.png?fit=407%2C90&amp;ssl=1\" data-orig-size=\"407,90\" data-comments-opened=\"1\" data-image-meta=\"{&quot;aperture&quot;:&quot;0&quot;,&quot;credit&quot;:&quot;&quot;,&quot;camera&quot;:&quot;&quot;,&quot;caption&quot;:&quot;&quot;,&quot;created_timestamp&quot;:&quot;0&quot;,&quot;copyright&quot;:&quot;&quot;,&quot;focal_length&quot;:&quot;0&quot;,&quot;iso&quot;:&quot;0&quot;,&quot;shutter_speed&quot;:&quot;0&quot;,&quot;title&quot;:&quot;&quot;,&quot;orientation&quot;:&quot;0&quot;}\" data-image-title=\"smolnikowe klimaty\" data-image-description=\"\" data-image-caption=\"\" data-large-file=\"https:\/\/i0.wp.com\/fundacja.komancza.org.pl\/wp-content\/uploads\/2019\/03\/smolnikowe-klimaty.png?fit=407%2C90&amp;ssl=1\" src=\"https:\/\/i0.wp.com\/fundacja.komancza.org.pl\/wp-content\/uploads\/2019\/03\/smolnikowe-klimaty.png?resize=270%2C59&#038;ssl=1\" alt=\"\" class=\"wp-image-224\" width=\"270\" height=\"59\" srcset=\"https:\/\/i0.wp.com\/fundacja.komancza.org.pl\/wp-content\/uploads\/2019\/03\/smolnikowe-klimaty.png?w=407&amp;ssl=1 407w, https:\/\/i0.wp.com\/fundacja.komancza.org.pl\/wp-content\/uploads\/2019\/03\/smolnikowe-klimaty.png?resize=300%2C66&amp;ssl=1 300w\" sizes=\"auto, (max-width: 270px) 100vw, 270px\" \/><\/a><\/figure><\/div>\n<\/div>\n\n\n\n<div class=\"wp-block-column is-layout-flow wp-block-column-is-layout-flow\">\n<p>Smolnikowe Klimaty<\/p>\n<\/div>\n<\/div>\n\n\n\n<div class=\"wp-block-columns has-2-columns is-layout-flex wp-container-core-columns-is-layout-9d6595d7 wp-block-columns-is-layout-flex\">\n<div class=\"wp-block-column is-layout-flow wp-block-column-is-layout-flow\">\n<div class=\"wp-block-image\"><figure class=\"aligncenter is-resized\"><a href=\"http:\/\/www.xn--piewanychleb-mlc.pl\/\" target=\"_blank\" rel=\"noreferrer noopener\"><img data-recalc-dims=\"1\" loading=\"lazy\" decoding=\"async\" data-attachment-id=\"227\" data-permalink=\"https:\/\/fundacja.komancza.org.pl\/?attachment_id=227\" data-orig-file=\"https:\/\/i0.wp.com\/fundacja.komancza.org.pl\/wp-content\/uploads\/2019\/03\/bieszczadzkie-smaki.jpg?fit=327%2C336&amp;ssl=1\" data-orig-size=\"327,336\" data-comments-opened=\"1\" data-image-meta=\"{&quot;aperture&quot;:&quot;0&quot;,&quot;credit&quot;:&quot;&quot;,&quot;camera&quot;:&quot;&quot;,&quot;caption&quot;:&quot;&quot;,&quot;created_timestamp&quot;:&quot;0&quot;,&quot;copyright&quot;:&quot;&quot;,&quot;focal_length&quot;:&quot;0&quot;,&quot;iso&quot;:&quot;0&quot;,&quot;shutter_speed&quot;:&quot;0&quot;,&quot;title&quot;:&quot;&quot;,&quot;orientation&quot;:&quot;0&quot;}\" data-image-title=\"bieszczadzkie smaki\" data-image-description=\"\" data-image-caption=\"\" data-large-file=\"https:\/\/i0.wp.com\/fundacja.komancza.org.pl\/wp-content\/uploads\/2019\/03\/bieszczadzkie-smaki.jpg?fit=327%2C336&amp;ssl=1\" src=\"https:\/\/i0.wp.com\/fundacja.komancza.org.pl\/wp-content\/uploads\/2019\/03\/bieszczadzkie-smaki.jpg?resize=142%2C145&#038;ssl=1\" alt=\"\" class=\"wp-image-227\" width=\"142\" height=\"145\" srcset=\"https:\/\/i0.wp.com\/fundacja.komancza.org.pl\/wp-content\/uploads\/2019\/03\/bieszczadzkie-smaki.jpg?w=327&amp;ssl=1 327w, https:\/\/i0.wp.com\/fundacja.komancza.org.pl\/wp-content\/uploads\/2019\/03\/bieszczadzkie-smaki.jpg?resize=292%2C300&amp;ssl=1 292w\" sizes=\"auto, (max-width: 142px) 100vw, 142px\" \/><\/a><\/figure><\/div>\n<\/div>\n\n\n\n<div class=\"wp-block-column is-layout-flow wp-block-column-is-layout-flow\">\n<br><\/br>\n<p>Bieszczadzkie Smaki<\/p>\n<\/div>\n<\/div>\n\n\n\n<div class=\"wp-block-columns has-2-columns is-layout-flex wp-container-core-columns-is-layout-9d6595d7 wp-block-columns-is-layout-flex\">\n<div class=\"wp-block-column is-layout-flow wp-block-column-is-layout-flow\">\n<div class=\"wp-block-image\"><figure class=\"aligncenter is-resized\"><img data-recalc-dims=\"1\" loading=\"lazy\" decoding=\"async\" data-attachment-id=\"234\" data-permalink=\"https:\/\/fundacja.komancza.org.pl\/?attachment_id=234\" data-orig-file=\"https:\/\/i0.wp.com\/fundacja.komancza.org.pl\/wp-content\/uploads\/2019\/03\/Autorska-Galeria-Rze%C5%BAby-BZDYK-Logo.jpg?fit=1645%2C1778&amp;ssl=1\" data-orig-size=\"1645,1778\" data-comments-opened=\"1\" data-image-meta=\"{&quot;aperture&quot;:&quot;0&quot;,&quot;credit&quot;:&quot;&quot;,&quot;camera&quot;:&quot;&quot;,&quot;caption&quot;:&quot;&quot;,&quot;created_timestamp&quot;:&quot;1553808046&quot;,&quot;copyright&quot;:&quot;&quot;,&quot;focal_length&quot;:&quot;0&quot;,&quot;iso&quot;:&quot;0&quot;,&quot;shutter_speed&quot;:&quot;0&quot;,&quot;title&quot;:&quot;&quot;,&quot;orientation&quot;:&quot;1&quot;}\" data-image-title=\"Autorska Galeria Rze\u017aby BZDYK &amp;#8211; Logo\" data-image-description=\"\" data-image-caption=\"\" data-large-file=\"https:\/\/i0.wp.com\/fundacja.komancza.org.pl\/wp-content\/uploads\/2019\/03\/Autorska-Galeria-Rze%C5%BAby-BZDYK-Logo.jpg?fit=525%2C568&amp;ssl=1\" src=\"https:\/\/i0.wp.com\/fundacja.komancza.org.pl\/wp-content\/uploads\/2019\/03\/Autorska-Galeria-Rze%C5%BAby-BZDYK-Logo.jpg?resize=200%2C216&#038;ssl=1\" alt=\"\" class=\"wp-image-234\" width=\"200\" height=\"216\" srcset=\"https:\/\/i0.wp.com\/fundacja.komancza.org.pl\/wp-content\/uploads\/2019\/03\/Autorska-Galeria-Rze%C5%BAby-BZDYK-Logo.jpg?resize=947%2C1024&amp;ssl=1 947w, https:\/\/i0.wp.com\/fundacja.komancza.org.pl\/wp-content\/uploads\/2019\/03\/Autorska-Galeria-Rze%C5%BAby-BZDYK-Logo.jpg?resize=278%2C300&amp;ssl=1 278w, https:\/\/i0.wp.com\/fundacja.komancza.org.pl\/wp-content\/uploads\/2019\/03\/Autorska-Galeria-Rze%C5%BAby-BZDYK-Logo.jpg?resize=768%2C830&amp;ssl=1 768w, https:\/\/i0.wp.com\/fundacja.komancza.org.pl\/wp-content\/uploads\/2019\/03\/Autorska-Galeria-Rze%C5%BAby-BZDYK-Logo.jpg?w=1645&amp;ssl=1 1645w, https:\/\/i0.wp.com\/fundacja.komancza.org.pl\/wp-content\/uploads\/2019\/03\/Autorska-Galeria-Rze%C5%BAby-BZDYK-Logo.jpg?w=1050&amp;ssl=1 1050w, https:\/\/i0.wp.com\/fundacja.komancza.org.pl\/wp-content\/uploads\/2019\/03\/Autorska-Galeria-Rze%C5%BAby-BZDYK-Logo.jpg?w=1575&amp;ssl=1 1575w\" sizes=\"auto, (max-width: 200px) 100vw, 200px\" \/><\/figure><\/div>\n<\/div>\n\n\n\n<div class=\"wp-block-column is-layout-flow wp-block-column-is-layout-flow\">\n<br><\/br>\n<p>Galeria Rze\u017aby<\/p>\n<\/div>\n<\/div>\n\n\n\n<div class=\"wp-block-columns has-2-columns is-layout-flex wp-container-core-columns-is-layout-9d6595d7 wp-block-columns-is-layout-flex\">\n<div class=\"wp-block-column is-layout-flow wp-block-column-is-layout-flow\">\n<div class=\"wp-block-image\"><figure class=\"aligncenter is-resized\"><a href=\"https:\/\/willakomancza.wixsite.com\/lesnawilla\" target=\"_blank\" rel=\"noreferrer noopener\"><img loading=\"lazy\" decoding=\"async\" data-attachment-id=\"239\" data-permalink=\"https:\/\/fundacja.komancza.org.pl\/?attachment_id=239\" data-orig-file=\"https:\/\/i0.wp.com\/fundacja.komancza.org.pl\/wp-content\/uploads\/2019\/04\/logo-ko%C5%82o-czarne-1.png?fit=1500%2C1500&amp;ssl=1\" data-orig-size=\"1500,1500\" data-comments-opened=\"1\" data-image-meta=\"{&quot;aperture&quot;:&quot;0&quot;,&quot;credit&quot;:&quot;&quot;,&quot;camera&quot;:&quot;&quot;,&quot;caption&quot;:&quot;&quot;,&quot;created_timestamp&quot;:&quot;0&quot;,&quot;copyright&quot;:&quot;&quot;,&quot;focal_length&quot;:&quot;0&quot;,&quot;iso&quot;:&quot;0&quot;,&quot;shutter_speed&quot;:&quot;0&quot;,&quot;title&quot;:&quot;&quot;,&quot;orientation&quot;:&quot;0&quot;}\" data-image-title=\"logo ko\u0142o czarne\" data-image-description=\"\" data-image-caption=\"\" data-large-file=\"https:\/\/i0.wp.com\/fundacja.komancza.org.pl\/wp-content\/uploads\/2019\/04\/logo-ko%C5%82o-czarne-1.png?fit=525%2C525&amp;ssl=1\" src=\"https:\/\/i0.wp.com\/fundacja.komancza.org.pl\/wp-content\/uploads\/2019\/04\/logo-ko\u0142o-czarne-1.png?fit=525%2C525\" alt=\"\" class=\"wp-image-239\" width=\"196\" height=\"196\" srcset=\"https:\/\/i0.wp.com\/fundacja.komancza.org.pl\/wp-content\/uploads\/2019\/04\/logo-ko%C5%82o-czarne-1.png?w=1500&amp;ssl=1 1500w, https:\/\/i0.wp.com\/fundacja.komancza.org.pl\/wp-content\/uploads\/2019\/04\/logo-ko%C5%82o-czarne-1.png?resize=150%2C150&amp;ssl=1 150w, https:\/\/i0.wp.com\/fundacja.komancza.org.pl\/wp-content\/uploads\/2019\/04\/logo-ko%C5%82o-czarne-1.png?resize=300%2C300&amp;ssl=1 300w, https:\/\/i0.wp.com\/fundacja.komancza.org.pl\/wp-content\/uploads\/2019\/04\/logo-ko%C5%82o-czarne-1.png?resize=768%2C768&amp;ssl=1 768w, https:\/\/i0.wp.com\/fundacja.komancza.org.pl\/wp-content\/uploads\/2019\/04\/logo-ko%C5%82o-czarne-1.png?resize=1024%2C1024&amp;ssl=1 1024w, https:\/\/i0.wp.com\/fundacja.komancza.org.pl\/wp-content\/uploads\/2019\/04\/logo-ko%C5%82o-czarne-1.png?resize=100%2C100&amp;ssl=1 100w\" sizes=\"auto, (max-width: 196px) 100vw, 196px\" \/><\/a><\/figure><\/div>\n<\/div>\n\n\n\n<div class=\"wp-block-column is-layout-flow wp-block-column-is-layout-flow\">\n<br><\/br>\n<p>Le\u015bna Willa w Koma\u0144czy<\/p>\n<\/div>\n<\/div>\n","protected":false},"excerpt":{"rendered":"<p>W okresie rejestracji Fundacji w KRS korzystamy z konta Stowarzyszenia 50+ w Koma\u0144czy. Wp\u0142aty na Piknik na Tory prosimy kierowa\u0107 na konto: 09 8642 1184 2018 0045 0762 0003 z dopiskiem: Piknik na Tory Poni\u017cej zamieszczamy list\u0119 darczy\u0144c\u00f3w z odno\u015bnikiem do strony. Lista b\u0119dzie si\u0119 wyd\u0142u\u017ca\u0107&#8230; Nadle\u015bnictwo Koma\u0144cza Chata Nad Wis\u0142okiem Pod Kominkiem Smolnikowe Klimaty &hellip; <\/p>\n<p class=\"link-more\"><a href=\"https:\/\/fundacja.komancza.org.pl\/?page_id=202\" class=\"more-link\">Czytaj dalej<span class=\"screen-reader-text\"> \u201eWspieraj\u0105 nas.\u201d<\/span><\/a><\/p>\n","protected":false},"author":1,"featured_media":0,"parent":0,"menu_order":0,"comment_status":"closed","ping_status":"closed","template":"","meta":{"jetpack_post_was_ever_published":false,"footnotes":""},"class_list":["post-202","page","type-page","status-publish","hentry"],"jetpack_sharing_enabled":true,"jetpack_shortlink":"https:\/\/wp.me\/PaOlUW-3g","jetpack-related-posts":[],"_links":{"self":[{"href":"https:\/\/fundacja.komancza.org.pl\/index.php?rest_route=\/wp\/v2\/pages\/202","targetHints":{"allow":["GET"]}}],"collection":[{"href":"https:\/\/fundacja.komancza.org.pl\/index.php?rest_route=\/wp\/v2\/pages"}],"about":[{"href":"https:\/\/fundacja.komancza.org.pl\/index.php?rest_route=\/wp\/v2\/types\/page"}],"author":[{"embeddable":true,"href":"https:\/\/fundacja.komancza.org.pl\/index.php?rest_route=\/wp\/v2\/users\/1"}],"replies":[{"embeddable":true,"href":"https:\/\/fundacja.komancza.org.pl\/index.php?rest_route=%2Fwp%2Fv2%2Fcomments&post=202"}],"version-history":[{"count":19,"href":"https:\/\/fundacja.komancza.org.pl\/index.php?rest_route=\/wp\/v2\/pages\/202\/revisions"}],"predecessor-version":[{"id":369,"href":"https:\/\/fundacja.komancza.org.pl\/index.php?rest_route=\/wp\/v2\/pages\/202\/revisions\/369"}],"wp:attachment":[{"href":"https:\/\/fundacja.komancza.org.pl\/index.php?rest_route=%2Fwp%2Fv2%2Fmedia&parent=202"}],"curies":[{"name":"wp","href":"https:\/\/api.w.org\/{rel}","templated":true}]}}